[INFO] cloning repository https://github.com/Eh2406/rust-reader
[INFO] running `Command { std: "git" "-c" "credential.helper=" "-c" "credential.helper=/workspace/cargo-home/bin/git-credential-null" "clone" "--bare" "https://github.com/Eh2406/rust-reader" "/workspace/cache/git-repos/https%3A%2F%2Fgithub.com%2FEh2406%2Frust-reader", kill_on_drop: false }`
[INFO] [stderr] Cloning into bare repository '/workspace/cache/git-repos/https%3A%2F%2Fgithub.com%2FEh2406%2Frust-reader'...
[INFO] running `Command { std: "git" "rev-parse" "HEAD", kill_on_drop: false }`
[INFO] [stdout] 9953b74df0561b5148775da93a023ccc538b52f4
[INFO] checking Eh2406/rust-reader against master#9610dfe5a9a731ced1ea4923ecbd0c57fe367898 for beta-170-4
[INFO] running `Command { std: "git" "clone" "/workspace/cache/git-repos/https%3A%2F%2Fgithub.com%2FEh2406%2Frust-reader" "/workspace/builds/worker-3-tc1/source", kill_on_drop: false }`
[INFO] [stderr] Cloning into '/workspace/builds/worker-3-tc1/source'...
[INFO] [stderr] done.
[INFO] validating manifest of git repo https://github.com/Eh2406/rust-reader on toolchain 9610dfe5a9a731ced1ea4923ecbd0c57fe367898
[INFO] running `Command { std: CARGO_HOME="/workspace/cargo-home" RUSTUP_HOME="/workspace/rustup-home" "/workspace/cargo-home/bin/cargo" "+9610dfe5a9a731ced1ea4923ecbd0c57fe367898" "metadata" "--manifest-path" "Cargo.toml" "--no-deps", kill_on_drop: false }`
[INFO] started tweaking git repo https://github.com/Eh2406/rust-reader
[INFO] finished tweaking git repo https://github.com/Eh2406/rust-reader
[INFO] tweaked toml for git repo https://github.com/Eh2406/rust-reader written to /workspace/builds/worker-3-tc1/source/Cargo.toml
[INFO] crate git repo https://github.com/Eh2406/rust-reader already has a lockfile, it will not be regenerated
[INFO] running `Command { std: CARGO_HOME="/workspace/cargo-home" RUSTUP_HOME="/workspace/rustup-home" "/workspace/cargo-home/bin/cargo" "+9610dfe5a9a731ced1ea4923ecbd0c57fe367898" "fetch" "--manifest-path" "Cargo.toml", kill_on_drop: false }`
[INFO] [stderr]     Updating crates.io index
[INFO] [stderr]     Updating git repository `https://github.com/Eh2406/preferences-rs`
[INFO] [stderr]  Downloading crates ...
[INFO] [stderr]   Downloaded serde-big-array v0.1.5
[INFO] [stderr]   Downloaded ordslice v0.3.0
[INFO] [stderr]   Downloaded average v0.9.4
[INFO] running `Command { std: "docker" "create" "-v" "/var/lib/crater-agent-workspace/builds/worker-3-tc1/target:/opt/rustwide/target:rw,Z" "-v" "/var/lib/crater-agent-workspace/builds/worker-3-tc1/source:/opt/rustwide/workdir:ro,Z" "-v" "/var/lib/crater-agent-workspace/cargo-home:/opt/rustwide/cargo-home:ro,Z" "-v" "/var/lib/crater-agent-workspace/rustup-home:/opt/rustwide/rustup-home:ro,Z" "-e" "SOURCE_DIR=/opt/rustwide/workdir" "-e" "CARGO_TARGET_DIR=/opt/rustwide/target" "-e" "CARGO_HOME=/opt/rustwide/cargo-home" "-e" "RUSTUP_HOME=/opt/rustwide/rustup-home" "-w" "/opt/rustwide/workdir" "-m" "1610612736" "--user" "0:0" "--network" "none" "ghcr.io/rust-lang/crates-build-env/linux@sha256:19e73879b68f455e41552ea35293514db52ea292d993f571636dbffedb77a1ee" "/opt/rustwide/cargo-home/bin/cargo" "+9610dfe5a9a731ced1ea4923ecbd0c57fe367898" "metadata" "--no-deps" "--format-version=1", kill_on_drop: false }`
[INFO] [stdout] 9432f9b39d8903703049218b7bfc143d20ba14bd54b69bf185264b67f75bd22f
[INFO] running `Command { std: "docker" "start" "-a" "9432f9b39d8903703049218b7bfc143d20ba14bd54b69bf185264b67f75bd22f", kill_on_drop: false }`
[INFO] running `Command { std: "docker" "inspect" "9432f9b39d8903703049218b7bfc143d20ba14bd54b69bf185264b67f75bd22f", kill_on_drop: false }`
[INFO] running `Command { std: "docker" "rm" "-f" "9432f9b39d8903703049218b7bfc143d20ba14bd54b69bf185264b67f75bd22f", kill_on_drop: false }`
[INFO] [stdout] 9432f9b39d8903703049218b7bfc143d20ba14bd54b69bf185264b67f75bd22f
[INFO] running `Command { std: "docker" "create" "-v" "/var/lib/crater-agent-workspace/builds/worker-3-tc1/target:/opt/rustwide/target:rw,Z" "-v" "/var/lib/crater-agent-workspace/builds/worker-3-tc1/source:/opt/rustwide/workdir:ro,Z" "-v" "/var/lib/crater-agent-workspace/cargo-home:/opt/rustwide/cargo-home:ro,Z" "-v" "/var/lib/crater-agent-workspace/rustup-home:/opt/rustwide/rustup-home:ro,Z" "-e" "SOURCE_DIR=/opt/rustwide/workdir" "-e" "CARGO_TARGET_DIR=/opt/rustwide/target" "-e" "CARGO_INCREMENTAL=0" "-e" "RUST_BACKTRACE=full" "-e" "RUSTFLAGS=--cap-lints=forbid" "-e" "RUSTDOCFLAGS=--cap-lints=forbid" "-e" "CARGO_HOME=/opt/rustwide/cargo-home" "-e" "RUSTUP_HOME=/opt/rustwide/rustup-home" "-w" "/opt/rustwide/workdir" "-m" "1610612736" "--user" "0:0" "--network" "none" "ghcr.io/rust-lang/crates-build-env/linux@sha256:19e73879b68f455e41552ea35293514db52ea292d993f571636dbffedb77a1ee" "/opt/rustwide/cargo-home/bin/cargo" "+9610dfe5a9a731ced1ea4923ecbd0c57fe367898" "check" "--frozen" "--all" "--all-targets" "--message-format=json", kill_on_drop: false }`
[INFO] [stdout] 169ca3a80b04730a96cc1fef601ec317f47b318ad0185172bc54351f4f6d3fbc
[INFO] running `Command { std: "docker" "start" "-a" "169ca3a80b04730a96cc1fef601ec317f47b318ad0185172bc54351f4f6d3fbc", kill_on_drop: false }`
[INFO] [stderr]    Compiling libc v0.2.142
[INFO] [stderr]    Compiling proc-macro2 v1.0.56
[INFO] [stderr]    Compiling unicode-ident v1.0.8
[INFO] [stderr]    Compiling quote v1.0.26
[INFO] [stderr]    Compiling serde_derive v1.0.160
[INFO] [stderr]    Compiling autocfg v1.1.0
[INFO] [stderr]    Compiling serde v1.0.160
[INFO] [stderr]    Compiling memchr v2.5.0
[INFO] [stderr]     Checking cfg-if v1.0.0
[INFO] [stderr]    Compiling log v0.4.17
[INFO] [stderr]    Compiling num-traits v0.2.15
[INFO] [stderr]    Compiling num-integer v0.1.45
[INFO] [stderr]    Compiling serde-big-array v0.1.5
[INFO] [stderr]     Checking regex-syntax v0.7.1
[INFO] [stderr]    Compiling serde_json v1.0.96
[INFO] [stderr]     Checking custom_derive v0.1.7
[INFO] [stderr]     Checking ryu v1.0.13
[INFO] [stderr]     Checking aho-corasick v1.0.1
[INFO] [stderr]     Checking itoa v1.0.6
[INFO] [stderr]     Checking conv v0.3.3
[INFO] [stderr]     Checking dirs-sys v0.3.7
[INFO] [stderr]     Checking getrandom v0.2.9
[INFO] [stderr]     Checking dirs v4.0.0
[INFO] [stderr]    Compiling syn v2.0.15
[INFO] [stderr]     Checking xdg v2.4.1
[INFO] [stderr]     Checking app_dirs v1.2.1
[INFO] [stderr]     Checking rand_core v0.6.4
[INFO] [stderr]     Checking time v0.1.45
[INFO] [stderr]     Checking iana-time-zone v0.1.56
[INFO] [stderr]     Checking float-ord v0.2.0
[INFO] [stderr]     Checking str-buf v1.0.6
[INFO] [stderr]    Compiling rust_reader v0.1.0 (/opt/rustwide/workdir)
[INFO] [stderr]     Checking either v1.8.1
[INFO] [stderr]     Checking windows-targets v0.42.2
[INFO] [stderr]     Checking windows v0.46.0
[INFO] [stderr]     Checking error-code v2.3.1
[INFO] [stderr]     Checking rand v0.8.5
[INFO] [stderr]     Checking clipboard-win v4.5.0
[INFO] [stderr]     Checking itertools v0.10.5
[INFO] [stderr]     Checking ordslice v0.3.0
[INFO] [stderr]     Checking unicode-segmentation v1.10.1
[INFO] [stderr]     Checking lazy_static v1.4.0
[INFO] [stderr]     Checking regex v1.8.1
[INFO] [stderr]     Checking env_logger v0.8.4
[INFO] [stderr]     Checking quickcheck v1.0.3
[INFO] [stderr]     Checking chrono v0.4.24
[INFO] [stderr]     Checking average v0.9.4
[INFO] [stderr]     Checking preferences v2.0.0 (https://github.com/Eh2406/preferences-rs?branch=patch-1#4f426cf5)
[INFO] [stdout] error[E0433]: failed to resolve: could not find `windows` in `os`
[INFO] [stdout]  --> src/wide_string.rs:3:14
[INFO] [stdout]   |
[INFO] [stdout] 3 | use std::os::windows::ffi::OsStrExt;
[INFO] [stdout]   |              ^^^^^^^ could not find `windows` in `os`
[INFO] [stdout] 
[INFO] [stdout] 
[INFO] [stdout] error[E0433]: failed to resolve: could not find `windows` in `os`
[INFO] [stdout]  --> src/wide_string.rs:3:14
[INFO] [stdout]   |
[INFO] [stdout] 3 | use std::os::windows::ffi::OsStrExt;
[INFO] [stdout]   |              ^^^^^^^ could not find `windows` in `os`
[INFO] [stdout] 
[INFO] [stdout] 
[INFO] [stdout] error[E0432]: unresolved imports `clipboard_win::get_clipboard_string`, `clipboard_win::set_clipboard_string`
[INFO] [stdout]  --> src/clipboard.rs:1:21
[INFO] [stdout]   |
[INFO] [stdout] 1 | use clipboard_win::{get_clipboard_string, set_clipboard_string};
[INFO] [stdout]   |                     ^^^^^^^^^^^^^^^^^^^^  ^^^^^^^^^^^^^^^^^^^^ no `set_clipboard_string` in the root
[INFO] [stdout]   |                     |
[INFO] [stdout]   |                     no `get_clipboard_string` in the root
[INFO] [stdout] 
[INFO] [stdout] 
[INFO] [stdout] error[E0432]: unresolved imports `clipboard_win::get_clipboard_string`, `clipboard_win::set_clipboard_string`
[INFO] [stdout]  --> src/clipboard.rs:1:21
[INFO] [stdout]   |
[INFO] [stdout] 1 | use clipboard_win::{get_clipboard_string, set_clipboard_string};
[INFO] [stdout]   |                     ^^^^^^^^^^^^^^^^^^^^  ^^^^^^^^^^^^^^^^^^^^ no `set_clipboard_string` in the root
[INFO] [stdout]   |                     |
[INFO] [stdout]   |                     no `get_clipboard_string` in the root
[INFO] [stdout] 
[INFO] [stdout] 
[INFO] [stdout] error[E0425]: cannot find function `seq_num` in crate `clipboard_win`
[INFO] [stdout]   --> src/clipboard.rs:10:20
[INFO] [stdout]    |
[INFO] [stdout] 10 |     clipboard_win::seq_num()
[INFO] [stdout]    |                    ^^^^^^^ not found in `clipboard_win`
[INFO] [stdout] 
[INFO] [stdout] 
[INFO] [stdout] error[E0412]: cannot find type `SysResult` in crate `clipboard_win`
[INFO] [stdout]   --> src/clipboard.rs:73:62
[INFO] [stdout]    |
[INFO] [stdout] 73 | pub fn what_on_get_clipboard_string(n: u8) -> clipboard_win::SysResult<String> {
[INFO] [stdout]    |                                                              ^^^^^^^^^ not found in `clipboard_win`
[INFO] [stdout] 
[INFO] [stdout] 
[INFO] [stdout] error[E0412]: cannot find type `SysResult` in crate `clipboard_win`
[INFO] [stdout]   --> src/clipboard.rs:83:37
[INFO] [stdout]    |
[INFO] [stdout] 83 | pub fn get_text() -> clipboard_win::SysResult<String> {
[INFO] [stdout]    |                                     ^^^^^^^^^ not found in `clipboard_win`
[INFO] [stdout] 
[INFO] [stdout] 
[INFO] [stdout] error[E0425]: cannot find function `seq_num` in crate `clipboard_win`
[INFO] [stdout]   --> src/clipboard.rs:10:20
[INFO] [stdout]    |
[INFO] [stdout] 10 |     clipboard_win::seq_num()
[INFO] [stdout]    |                    ^^^^^^^ not found in `clipboard_win`
[INFO] [stdout] 
[INFO] [stdout] 
[INFO] [stdout] error[E0412]: cannot find type `SysResult` in crate `clipboard_win`
[INFO] [stdout]   --> src/clipboard.rs:73:62
[INFO] [stdout]    |
[INFO] [stdout] 73 | pub fn what_on_get_clipboard_string(n: u8) -> clipboard_win::SysResult<String> {
[INFO] [stdout]    |                                                              ^^^^^^^^^ not found in `clipboard_win`
[INFO] [stdout] 
[INFO] [stdout] 
[INFO] [stdout] error[E0412]: cannot find type `SysResult` in crate `clipboard_win`
[INFO] [stdout]   --> src/clipboard.rs:83:37
[INFO] [stdout]    |
[INFO] [stdout] 83 | pub fn get_text() -> clipboard_win::SysResult<String> {
[INFO] [stdout]    |                                     ^^^^^^^^^ not found in `clipboard_win`
[INFO] [stdout] 
[INFO] [stdout] 
[INFO] [stdout] error[E0599]: no method named `encode_wide` found for reference `&OsStr` in the current scope
[INFO] [stdout]   --> src/wide_string.rs:41:39
[INFO] [stdout]    |
[INFO] [stdout] 41 |         let mut out: Vec<u16> = osstr.encode_wide().collect();
[INFO] [stdout]    |                                       ^^^^^^^^^^^ method not found in `&OsStr`
[INFO] [stdout] 
[INFO] [stdout] 
[INFO] [stdout] error[E0599]: no method named `encode_wide` found for reference `&OsStr` in the current scope
[INFO] [stdout]   --> src/wide_string.rs:41:39
[INFO] [stdout]    |
[INFO] [stdout] 41 |         let mut out: Vec<u16> = osstr.encode_wide().collect();
[INFO] [stdout]    |                                       ^^^^^^^^^^^ method not found in `&OsStr`
[INFO] [stdout] 
[INFO] [stdout] 
[INFO] [stdout] error[E0599]: no method named `encode_wide` found for reference `&OsStr` in the current scope
[INFO] [stdout]   --> src/wide_string.rs:52:30
[INFO] [stdout]    |
[INFO] [stdout] 52 |             out.extend(instr.encode_wide());
[INFO] [stdout]    |                              ^^^^^^^^^^^ method not found in `&OsStr`
[INFO] [stdout] 
[INFO] [stdout] 
[INFO] [stdout] error[E0599]: no method named `encode_wide` found for reference `&OsStr` in the current scope
[INFO] [stdout]   --> src/wide_string.rs:52:30
[INFO] [stdout]    |
[INFO] [stdout] 52 |             out.extend(instr.encode_wide());
[INFO] [stdout]    |                              ^^^^^^^^^^^ method not found in `&OsStr`
[INFO] [stdout] 
[INFO] [stdout] 
[INFO] [stdout] error[E0277]: the size for values of type `str` cannot be known at compilation time
[INFO] [stdout]   --> src/main.rs:45:16
[INFO] [stdout]    |
[INFO] [stdout] 45 |             Ok(x) => self.voice.speak(clean_text::<WideString>(
[INFO] [stdout]    |                ^ doesn't have a size known at compile-time
[INFO] [stdout]    |
[INFO] [stdout]    = help: the trait `Sized` is not implemented for `str`
[INFO] [stdout]    = note: all local variables must have a statically known size
[INFO] [stdout]    = help: unsized locals are gated as an unstable feature
[INFO] [stdout] 
[INFO] [stdout] 
[INFO] [stdout] error[E0277]: the size for values of type `str` cannot be known at compilation time
[INFO] [stdout]   --> src/main.rs:45:13
[INFO] [stdout]    |
[INFO] [stdout] 45 |             Ok(x) => self.voice.speak(clean_text::<WideString>(
[INFO] [stdout]    |             ^^^^^ doesn't have a size known at compile-time
[INFO] [stdout]    |
[INFO] [stdout]    = help: the trait `Sized` is not implemented for `str`
[INFO] [stdout] note: required by a bound in `Ok`
[INFO] [stdout]   --> /rustc/9610dfe5a9a731ced1ea4923ecbd0c57fe367898/library/core/src/result.rs:506:5
[INFO] [stdout] 
[INFO] [stdout] 
[INFO] [stdout] error: aborting due to 9 previous errors
[INFO] [stdout] 
[INFO] [stdout] 
[INFO] [stdout] Some errors have detailed explanations: E0277, E0412, E0425, E0432, E0433, E0599.
[INFO] [stdout] 
[INFO] [stdout] For more information about an error, try `rustc --explain E0277`.
[INFO] [stdout] 
[INFO] [stderr] error: could not compile `rust_reader` (bin "rust_reader") due to 10 previous errors
[INFO] [stderr] warning: build failed, waiting for other jobs to finish...
[INFO] [stdout] error[E0277]: the size for values of type `str` cannot be known at compilation time
[INFO] [stdout]   --> src/main.rs:45:16
[INFO] [stdout]    |
[INFO] [stdout] 45 |             Ok(x) => self.voice.speak(clean_text::<WideString>(
[INFO] [stdout]    |                ^ doesn't have a size known at compile-time
[INFO] [stdout]    |
[INFO] [stdout]    = help: the trait `Sized` is not implemented for `str`
[INFO] [stdout]    = note: all local variables must have a statically known size
[INFO] [stdout]    = help: unsized locals are gated as an unstable feature
[INFO] [stdout] 
[INFO] [stdout] 
[INFO] [stdout] error[E0277]: the size for values of type `str` cannot be known at compilation time
[INFO] [stdout]   --> src/main.rs:45:13
[INFO] [stdout]    |
[INFO] [stdout] 45 |             Ok(x) => self.voice.speak(clean_text::<WideString>(
[INFO] [stdout]    |             ^^^^^ doesn't have a size known at compile-time
[INFO] [stdout]    |
[INFO] [stdout]    = help: the trait `Sized` is not implemented for `str`
[INFO] [stdout] note: required by a bound in `Ok`
[INFO] [stdout]   --> /rustc/9610dfe5a9a731ced1ea4923ecbd0c57fe367898/library/core/src/result.rs:506:5
[INFO] [stdout] 
[INFO] [stdout] 
[INFO] [stdout] error: aborting due to 9 previous errors
[INFO] [stdout] 
[INFO] [stdout] 
[INFO] [stdout] Some errors have detailed explanations: E0277, E0412, E0425, E0432, E0433, E0599.
[INFO] [stdout] 
[INFO] [stdout] For more information about an error, try `rustc --explain E0277`.
[INFO] [stdout] 
[INFO] [stderr] error: could not compile `rust_reader` (bin "rust_reader" test) due to 10 previous errors
[INFO] running `Command { std: "docker" "inspect" "169ca3a80b04730a96cc1fef601ec317f47b318ad0185172bc54351f4f6d3fbc", kill_on_drop: false }`
[INFO] running `Command { std: "docker" "rm" "-f" "169ca3a80b04730a96cc1fef601ec317f47b318ad0185172bc54351f4f6d3fbc", kill_on_drop: false }`
[INFO] [stdout] 169ca3a80b04730a96cc1fef601ec317f47b318ad0185172bc54351f4f6d3fbc
